{"id":73716,"date":"2019-02-17T11:38:30","date_gmt":"2019-02-17T10:38:30","guid":{"rendered":"http:\/\/localhost:8888\/wordpress_1\/?page_id=73716"},"modified":"2019-11-01T16:51:26","modified_gmt":"2019-11-01T15:51:26","slug":"biografie-tommy-w","status":"publish","type":"page","link":"http:\/\/www.terrasound.eu\/wordpress\/biografie-tommy-w\/","title":{"rendered":"Biografie Tommy W."},"content":{"rendered":"<section class=\"wpb-content-wrapper\"><p>[vc_row][vc_column width=&#8220;5\/6&#8243;][vc_column_text]<\/p>\n<p style=\"text-align: left;\"><strong>Biografie Tommy W.<\/strong><\/p>\n<p style=\"text-align: justify;\">Tommy W., Jahrgang 1968, lebt und arbeitet in Stuttgart. Mit 12 Jahren h\u00f6rt er zum ersten Mal \u201eSex Machine\u201c von James Brown im Radio. Ab diesem Zeitpunkt wei\u00df er genau, wo ihn sein musikalischer Weg hinf\u00fchren soll. Mit 14 beginnt er, nach 7 Jahren klassischem Klavierunterricht, Schlagzeug zu spielen. W\u00e4hrend der gesamten Schulzeit spielt er in jeder freien Minute und wird Drummer in verschiedenen Jugendhaus-Bands.<\/p>\n<p style=\"text-align: justify;\">In den darauf folgenden Jahren sammelt er in mehr als 20 Bands live und Studio Erfahrung als Drummer. Doch seine Ambitionen gehen dar\u00fcber hinaus, nebenbei beginnt er selbst zu komponieren und produziert bereits erste Vocal-House-Tracks, die er 1996 ver\u00f6ffentlicht. Inspiriert durch Soulgr\u00f6\u00dfen wie James Brown, Michael Jackson und Co. geht sein musikalischer Weg weiter in Richtung Soul, R&amp;B und HipHop.<\/p>\n<p style=\"text-align: justify;\">1996 sucht das Studioprojekt \u201eFreundeskreis\u201c einen Drummer f\u00fcr die Live-Umsetzung ihrer Songs. Tommy W. wird zu Proben eingeladen und etabliert sich als fester Live-Drummer und wird f\u00fcr die Band unentbehrlich. Mit der Zeit kann er hier auch eigene Produktionen live umsetzen. So wird er f\u00fcr Freundeskreis ebenfalls als Remixer (erstmals mit dem Song \u201eLeg Dein Ohr Auf Die Schiene Der Geschichte\u201c) und Produzent (erstmals \u201eTabula Rasa\u201c) t\u00e4tig. Parallel produziert er f\u00fcr K\u00fcnstler wie Afrob, Massive T\u00f6ne und Gentleman.<\/p>\n<p style=\"text-align: justify;\">Von 2000 bis 2005 betreibt er gemeinsam mit dem Freundeskreis-Mitglied Philipp\u00e9 Kayser das \u201eNo S\u00e9\u201c Studio in der Theodor-Heuss-Stra\u00dfe 23 in Stuttgart. W\u00e4hrend dieser Zeit komponiert und produziert er unter anderem f\u00fcr Joy Denalane, Fetsum und Max Herre.<\/p>\n<p style=\"text-align: justify;\">2005 wird ein kleiner Traum f\u00fcr den Soul-Liebhaber wahr: Er darf gemeinsam mit DJ Friction den Song \u201eABC\u201c von Jackson 5 remixen, welcher auf dem \u201eMOTOWNREMIXED\u201c-Sampler erscheint.<\/p>\n<p style=\"text-align: justify;\">Tommys Leidenschaft liegt darin, live gespielte und programmierte Sounds zu verbinden. Neben der Zusammenarbeit mit vielen Musikern, spielt er auf einigen seiner Songs alle Instrumente selbst. Er kombiniert Funk-, Soul, R&amp;B-, HipHop und Blues-Elemente miteinander und entwickelt so im Laufe der Jahre seinen eigenen Stil.<\/p>\n<p style=\"text-align: justify;\">Nach Ausscheiden von Philipp\u00e9 wird das Studio zum \u201eTerraSound Studio\u201c. Die R\u00e4umlichkeiten in der Theodor-Heuss-Stra\u00dfe 23 sind inzwischen zum angesagten Club \u201eTonstudio\u201c umfunktioniert worden.<\/p>\n<p style=\"text-align: justify;\">Ab 2007 befindet sich das TerraSound Studio \u00fcbergangsweise\u00a0in Stuttgart-Heslach. 2009 beginnt Tommy mit dem Neubau des Studios in eigenen R\u00e4umlichkeiten in der Paulinenstra\u00dfe 16 A, mitten im Herzen von Stuttgart.\u00a0W\u00e4hrend dieser ganzen Zeit laufen die Arbeiten mit verschiedenen K\u00fcnstlern, sowie die Produktionen f\u00fcr sein erstes eigenes Produzenten-Album weiter. Schlie\u00dflich wird das Album im neuen Studio vollendet, wo er seit der offiziellen Er\u00f6ffnung, Anfang November 2009, produziert und komponiert.<\/p>\n<p style=\"text-align: justify;\">Als unabh\u00e4ngiger Produzent ist es nur die logische Schlussfolgerung auch eine eigene Ver\u00f6ffentlichungsplattform zu schaffen. Dazu bringt Tommy W. ab 2011 sein eigenes Label \u201eTerraSound\u201c an den Start. Die erste Ver\u00f6ffentlichung wird\u00a0 nat\u00fcrlich sein Produzenten-Album \u201eSpacepioneer Vol. I \u201e sein.<\/p>\n<p>[\/vc_column_text][\/vc_column][vc_column width=&#8220;1\/6&#8243;][vc_single_image media=&#8220;73524&#8243; media_width_percent=&#8220;100&#8243;][\/vc_column][\/vc_row]<\/p>\n<\/section>","protected":false},"excerpt":{"rendered":"<p>[vc_row][vc_column width=&#8220;5\/6&#8243;][vc_column_text] Biografie Tommy W. Tommy W., Jahrgang 1968, lebt und arbeitet in Stuttgart. Mit 12 Jahren h\u00f6rt er zum [&hellip;]<\/p>\n","protected":false},"author":1,"featured_media":0,"parent":0,"menu_order":0,"comment_status":"closed","ping_status":"closed","template":"","meta":{"footnotes":""},"yoast_head":"<!-- This site is optimized with the Yoast SEO plugin v22.6 - https:\/\/yoast.com\/wordpress\/plugins\/seo\/ -->\n<title>Biografie Tommy W. - TerraSound Tonstudio Stuttgart<\/title>\n<meta name=\"robots\" content=\"index, follow, max-snippet:-1, max-image-preview:large, max-video-preview:-1\" \/>\n<link rel=\"canonical\" href=\"http:\/\/www.terrasound.eu\/wordpress\/biografie-tommy-w\/\" \/>\n<meta property=\"og:locale\" content=\"de_DE\" \/>\n<meta property=\"og:type\" content=\"article\" \/>\n<meta property=\"og:title\" content=\"Biografie Tommy W. - TerraSound Tonstudio Stuttgart\" \/>\n<meta property=\"og:description\" content=\"[vc_row][vc_column width=&#8220;5\/6&#8243;][vc_column_text] Biografie Tommy W. Tommy W., Jahrgang 1968, lebt und arbeitet in Stuttgart. Mit 12 Jahren h\u00f6rt er zum [&hellip;]\" \/>\n<meta property=\"og:url\" content=\"http:\/\/www.terrasound.eu\/wordpress\/biografie-tommy-w\/\" \/>\n<meta property=\"og:site_name\" content=\"TerraSound Tonstudio Stuttgart\" \/>\n<meta property=\"article:modified_time\" content=\"2019-11-01T15:51:26+00:00\" \/>\n<meta name=\"twitter:card\" content=\"summary_large_image\" \/>\n<meta name=\"twitter:label1\" content=\"Gesch\u00e4tzte Lesezeit\" \/>\n\t<meta name=\"twitter:data1\" content=\"2\u00a0Minuten\" \/>\n<script type=\"application\/ld+json\" class=\"yoast-schema-graph\">{\"@context\":\"https:\/\/schema.org\",\"@graph\":[{\"@type\":\"WebPage\",\"@id\":\"http:\/\/www.terrasound.eu\/wordpress\/biografie-tommy-w\/\",\"url\":\"http:\/\/www.terrasound.eu\/wordpress\/biografie-tommy-w\/\",\"name\":\"Biografie Tommy W. - TerraSound Tonstudio Stuttgart\",\"isPartOf\":{\"@id\":\"http:\/\/www.terrasound.eu\/wordpress\/#website\"},\"datePublished\":\"2019-02-17T10:38:30+00:00\",\"dateModified\":\"2019-11-01T15:51:26+00:00\",\"breadcrumb\":{\"@id\":\"http:\/\/www.terrasound.eu\/wordpress\/biografie-tommy-w\/#breadcrumb\"},\"inLanguage\":\"de\",\"potentialAction\":[{\"@type\":\"ReadAction\",\"target\":[\"http:\/\/www.terrasound.eu\/wordpress\/biografie-tommy-w\/\"]}]},{\"@type\":\"BreadcrumbList\",\"@id\":\"http:\/\/www.terrasound.eu\/wordpress\/biografie-tommy-w\/#breadcrumb\",\"itemListElement\":[{\"@type\":\"ListItem\",\"position\":1,\"name\":\"Startseite\",\"item\":\"http:\/\/www.terrasound.eu\/wordpress\/\"},{\"@type\":\"ListItem\",\"position\":2,\"name\":\"Biografie Tommy W.\"}]},{\"@type\":\"WebSite\",\"@id\":\"http:\/\/www.terrasound.eu\/wordpress\/#website\",\"url\":\"http:\/\/www.terrasound.eu\/wordpress\/\",\"name\":\"TerraSound Tonstudio\",\"description\":\"\",\"publisher\":{\"@id\":\"http:\/\/www.terrasound.eu\/wordpress\/#organization\"},\"potentialAction\":[{\"@type\":\"SearchAction\",\"target\":{\"@type\":\"EntryPoint\",\"urlTemplate\":\"http:\/\/www.terrasound.eu\/wordpress\/?s={search_term_string}\"},\"query-input\":\"required name=search_term_string\"}],\"inLanguage\":\"de\"},{\"@type\":\"Organization\",\"@id\":\"http:\/\/www.terrasound.eu\/wordpress\/#organization\",\"name\":\"TerraSound Tonstudio\",\"url\":\"http:\/\/www.terrasound.eu\/wordpress\/\",\"logo\":{\"@type\":\"ImageObject\",\"inLanguage\":\"de\",\"@id\":\"http:\/\/www.terrasound.eu\/wordpress\/#\/schema\/logo\/image\/\",\"url\":\"http:\/\/www.terrasound.eu\/wordpress\/wp-content\/uploads\/2018\/12\/Neue-Homepage-1.jpeg\",\"contentUrl\":\"http:\/\/www.terrasound.eu\/wordpress\/wp-content\/uploads\/2018\/12\/Neue-Homepage-1.jpeg\",\"width\":1271,\"height\":630,\"caption\":\"TerraSound Tonstudio\"},\"image\":{\"@id\":\"http:\/\/www.terrasound.eu\/wordpress\/#\/schema\/logo\/image\/\"},\"sameAs\":[\"https:\/\/www.youtube.com\/channel\/UCzWf0xfO65YGOJhV0QBqXgg\/featured\"]}]}<\/script>\n<!-- \/ Yoast SEO plugin. -->","yoast_head_json":{"title":"Biografie Tommy W. - TerraSound Tonstudio Stuttgart","robots":{"index":"index","follow":"follow","max-snippet":"max-snippet:-1","max-image-preview":"max-image-preview:large","max-video-preview":"max-video-preview:-1"},"canonical":"http:\/\/www.terrasound.eu\/wordpress\/biografie-tommy-w\/","og_locale":"de_DE","og_type":"article","og_title":"Biografie Tommy W. - TerraSound Tonstudio Stuttgart","og_description":"[vc_row][vc_column width=&#8220;5\/6&#8243;][vc_column_text] Biografie Tommy W. Tommy W., Jahrgang 1968, lebt und arbeitet in Stuttgart. Mit 12 Jahren h\u00f6rt er zum [&hellip;]","og_url":"http:\/\/www.terrasound.eu\/wordpress\/biografie-tommy-w\/","og_site_name":"TerraSound Tonstudio Stuttgart","article_modified_time":"2019-11-01T15:51:26+00:00","twitter_card":"summary_large_image","twitter_misc":{"Gesch\u00e4tzte Lesezeit":"2\u00a0Minuten"},"schema":{"@context":"https:\/\/schema.org","@graph":[{"@type":"WebPage","@id":"http:\/\/www.terrasound.eu\/wordpress\/biografie-tommy-w\/","url":"http:\/\/www.terrasound.eu\/wordpress\/biografie-tommy-w\/","name":"Biografie Tommy W. - TerraSound Tonstudio Stuttgart","isPartOf":{"@id":"http:\/\/www.terrasound.eu\/wordpress\/#website"},"datePublished":"2019-02-17T10:38:30+00:00","dateModified":"2019-11-01T15:51:26+00:00","breadcrumb":{"@id":"http:\/\/www.terrasound.eu\/wordpress\/biografie-tommy-w\/#breadcrumb"},"inLanguage":"de","potentialAction":[{"@type":"ReadAction","target":["http:\/\/www.terrasound.eu\/wordpress\/biografie-tommy-w\/"]}]},{"@type":"BreadcrumbList","@id":"http:\/\/www.terrasound.eu\/wordpress\/biografie-tommy-w\/#breadcrumb","itemListElement":[{"@type":"ListItem","position":1,"name":"Startseite","item":"http:\/\/www.terrasound.eu\/wordpress\/"},{"@type":"ListItem","position":2,"name":"Biografie Tommy W."}]},{"@type":"WebSite","@id":"http:\/\/www.terrasound.eu\/wordpress\/#website","url":"http:\/\/www.terrasound.eu\/wordpress\/","name":"TerraSound Tonstudio","description":"","publisher":{"@id":"http:\/\/www.terrasound.eu\/wordpress\/#organization"},"potentialAction":[{"@type":"SearchAction","target":{"@type":"EntryPoint","urlTemplate":"http:\/\/www.terrasound.eu\/wordpress\/?s={search_term_string}"},"query-input":"required name=search_term_string"}],"inLanguage":"de"},{"@type":"Organization","@id":"http:\/\/www.terrasound.eu\/wordpress\/#organization","name":"TerraSound Tonstudio","url":"http:\/\/www.terrasound.eu\/wordpress\/","logo":{"@type":"ImageObject","inLanguage":"de","@id":"http:\/\/www.terrasound.eu\/wordpress\/#\/schema\/logo\/image\/","url":"http:\/\/www.terrasound.eu\/wordpress\/wp-content\/uploads\/2018\/12\/Neue-Homepage-1.jpeg","contentUrl":"http:\/\/www.terrasound.eu\/wordpress\/wp-content\/uploads\/2018\/12\/Neue-Homepage-1.jpeg","width":1271,"height":630,"caption":"TerraSound Tonstudio"},"image":{"@id":"http:\/\/www.terrasound.eu\/wordpress\/#\/schema\/logo\/image\/"},"sameAs":["https:\/\/www.youtube.com\/channel\/UCzWf0xfO65YGOJhV0QBqXgg\/featured"]}]}},"_links":{"self":[{"href":"http:\/\/www.terrasound.eu\/wordpress\/wp-json\/wp\/v2\/pages\/73716"}],"collection":[{"href":"http:\/\/www.terrasound.eu\/wordpress\/wp-json\/wp\/v2\/pages"}],"about":[{"href":"http:\/\/www.terrasound.eu\/wordpress\/wp-json\/wp\/v2\/types\/page"}],"author":[{"embeddable":true,"href":"http:\/\/www.terrasound.eu\/wordpress\/wp-json\/wp\/v2\/users\/1"}],"replies":[{"embeddable":true,"href":"http:\/\/www.terrasound.eu\/wordpress\/wp-json\/wp\/v2\/comments?post=73716"}],"version-history":[{"count":2,"href":"http:\/\/www.terrasound.eu\/wordpress\/wp-json\/wp\/v2\/pages\/73716\/revisions"}],"predecessor-version":[{"id":73721,"href":"http:\/\/www.terrasound.eu\/wordpress\/wp-json\/wp\/v2\/pages\/73716\/revisions\/73721"}],"wp:attachment":[{"href":"http:\/\/www.terrasound.eu\/wordpress\/wp-json\/wp\/v2\/media?parent=73716"}],"curies":[{"name":"wp","href":"https:\/\/api.w.org\/{rel}","templated":true}]}}